{"id":3661,"date":"2025-02-21T16:30:01","date_gmt":"2025-02-21T16:30:01","guid":{"rendered":"https:\/\/agroreforest.eu\/?post_type=tribe_events&#038;p=3661"},"modified":"2025-02-28T14:11:26","modified_gmt":"2025-02-28T14:11:26","slug":"reforest-project-is-coorganiser-of-a-conference-on-mitigating-climate-change-from-fieldwork-to-policy-making-the-role-of-living-labs","status":"publish","type":"tribe_events","link":"https:\/\/agroreforest.eu\/hu\/event\/reforest-project-is-coorganiser-of-a-conference-on-mitigating-climate-change-from-fieldwork-to-policy-making-the-role-of-living-labs\/","title":{"rendered":"A ReForest Project t\u00e1rsszervez\u0151je az \"\u00c9ghajlatv\u00e1ltoz\u00e1s m\u00e9rs\u00e9kl\u00e9se a terepmunk\u00e1t\u00f3l a politikai d\u00f6nt\u00e9shozatalig\" c\u00edm\u0171 konferenci\u00e1nak: Az \u00e9l\u0151 laborat\u00f3riumok szerepe\""},"content":{"rendered":"<p>Az agr\u00e1r-\u00e9lelmiszeripari \u00e1gazatban az \u00e9ghajlatv\u00e1ltoz\u00e1ssal szembeni ellen\u00e1ll\u00f3 k\u00e9pess\u00e9gre val\u00f3 \u00e1tt\u00e9r\u00e9s kritikusabb, mint valaha. A mez\u0151gazdas\u00e1g az \u00e9ghajlat-v\u00e1ltoz\u00e1si int\u00e9zked\u00e9sek k\u00f6z\u00e9ppontj\u00e1ban \u00e1ll, <strong>\u00c9l\u0151 Laborok<\/strong> dinamikus keretet k\u00edn\u00e1lnak a fenntarthat\u00f3s\u00e1got \u00e9s a termel\u00e9kenys\u00e9get egyar\u00e1nt t\u00e1mogat\u00f3, kl\u00edmatudatos megold\u00e1sok k\u00f6z\u00f6s fejleszt\u00e9s\u00e9hez, tesztel\u00e9s\u00e9hez \u00e9s sk\u00e1l\u00e1z\u00e1s\u00e1hoz.<\/p>\n<p>A k\u00e9tnapos rendezv\u00e9nyen t\u00f6bb mint 50 \u00e9l\u0151 laborat\u00f3rium, uni\u00f3s projekt, K+F k\u00f6zpontok, politikai d\u00f6nt\u00e9shoz\u00f3k, mediterr\u00e1n sz\u00f6vets\u00e9gek \u00e9s kulcsfontoss\u00e1g\u00fa \u00e9rdekelt felek tal\u00e1lkoznak, hogy el\u0151seg\u00edts\u00e9k az egy\u00fcttm\u0171k\u00f6d\u00e9st, az innov\u00e1ci\u00f3kat \u00e9s a fenntarthat\u00f3 \u00e9s az \u00e9ghajlatv\u00e1ltoz\u00e1ssal szemben ellen\u00e1ll\u00f3 mez\u0151gazdas\u00e1g j\u00f6v\u0151j\u00e9t szolg\u00e1l\u00f3 szakpolitik\u00e1k kialak\u00edt\u00e1s\u00e1t.<\/p>\n<p>Csatlakozzon a:<\/p>\n<ul>\n<li>Kapacit\u00e1s\u00e9p\u00edt\u0151 m\u0171helyek: a konferencia a Living Labs \u00e9ghajlatv\u00e1ltoz\u00e1shoz val\u00f3 alkalmazkod\u00e1sban bet\u00f6lt\u00f6tt szerep\u00e9nek meger\u0151s\u00edt\u00e9s\u00e9re \u00f6sszpontos\u00edt.<\/li>\n<li>A megold\u00e1sok piactere: az esem\u00e9ny egyed\u00fcl\u00e1ll\u00f3 pillanata a piact\u00e9r, ahol az innov\u00e1ci\u00f3k bemutat\u00e1s\u00e1ra, a kutat\u00e1sok megoszt\u00e1s\u00e1ra, az eszk\u00f6z\u00f6k bemutat\u00e1s\u00e1ra \u00e9s a kulcsfontoss\u00e1g\u00fa \u00e9rdekelt felekkel val\u00f3 kapcsolattart\u00e1sra ny\u00edlik lehet\u0151s\u00e9g.<\/li>\n<li>Szakpolitikai p\u00e1rbesz\u00e9d: a konferencia figyelemre m\u00e9lt\u00f3 lehet\u0151s\u00e9g a tudom\u00e1ny, a gyakorlat \u00e9s a szakpolitika k\u00f6z\u00f6tti szakad\u00e9k \u00e1thidal\u00e1s\u00e1ra \u00e9s az \u00e9ghajlatv\u00e1ltoz\u00e1s elleni fell\u00e9p\u00e9s felgyors\u00edt\u00e1s\u00e1ra.<\/li>\n<li>H\u00e1l\u00f3zat\u00e9p\u00edt\u00e9s \u00e9s tud\u00e1scsere: egyed\u00fcl\u00e1ll\u00f3 lehet\u0151s\u00e9g az egy\u00fcttm\u0171k\u00f6d\u00e9sre, k\u00f6z\u00f6s alkot\u00e1sra \u00e9s strat\u00e9giai partners\u00e9gek kialak\u00edt\u00e1s\u00e1ra.<\/li>\n<\/ul>\n<p>Az esem\u00e9ny c\u00e9lja, hogy meger\u0151s\u00edtse a Living Labs-t, fokozza az egy\u00fcttm\u0171k\u00f6d\u00e9st \u00e9s \u00f6szt\u00f6n\u00f6zze az \u00e9ghajlatv\u00e1ltoz\u00e1ssal szemben ellen\u00e1ll\u00f3 mez\u0151gazdas\u00e1gra gyakorolt hat\u00e1st. Egyed\u00fcl\u00e1ll\u00f3 lehet\u0151s\u00e9get k\u00edn\u00e1l a ReForest Living Labs sz\u00e1m\u00e1ra, hogy kapcsolatba l\u00e9pjenek, megossz\u00e1k egym\u00e1ssal tapasztalataikat \u00e9s b\u0151v\u00edts\u00e9k h\u00e1l\u00f3zatukat.<\/p>\n<p><a href=\"https:\/\/lu.ma\/gmxia3td\">Regisztr\u00e1ljon itt<\/a><\/p>\n<p><a href=\"https:\/\/agroreforest.eu\/wp-content\/uploads\/2025\/02\/Living-Labs-for-Mitigating-Climate-Change-in-Agriculture-Brochure.pdf\">Az esem\u00e9ny bros\u00far\u00e1j\u00e1nak let\u00f6lt\u00e9se<\/a><\/p>","protected":false},"excerpt":{"rendered":"<p>The transition towards climate resilience in the agri-food sector is more critical than ever. With agriculture at the heart of climate action, Living Labs offer a dynamic framework to co-develop, [&hellip;]<\/p>\n","protected":false},"author":1,"featured_media":3698,"template":"","meta":{"site-sidebar-layout":"default","site-content-layout":"","ast-site-content-layout":"default","site-content-style":"default","site-sidebar-style":"default","ast-global-header-display":"","ast-banner-title-visibility":"","ast-main-header-display":"","ast-hfb-above-header-display":"","ast-hfb-below-header-display":"","ast-hfb-mobile-header-display":"","site-post-title":"","ast-breadcrumbs-content":"","ast-featured-img":"","footer-sml-layout":"","ast-disable-related-posts":"","theme-transparent-header-meta":"default","adv-header-id-meta":"","stick-header-meta":"","header-above-stick-meta":"","header-main-stick-meta":"","header-below-stick-meta":"","astra-migrate-meta-layouts":"set","ast-page-background-enabled":"default","ast-page-background-meta":{"desktop":{"background-color":"","background-image":"","background-repeat":"repeat","background-position":"center center","background-size":"auto","background-attachment":"scroll","background-type":"","background-media":"","overlay-type":"","overlay-color":"","overlay-opacity":"","overlay-gradient":""},"tablet":{"background-color":"","background-image":"","background-repeat":"repeat","background-position":"center center","background-size":"auto","background-attachment":"scroll","background-type":"","background-media":"","overlay-type":"","overlay-color":"","overlay-opacity":"","overlay-gradient":""},"mobile":{"background-color":"","background-image":"","background-repeat":"repeat","background-position":"center center","background-size":"auto","background-attachment":"scroll","background-type":"","background-media":"","overlay-type":"","overlay-color":"","overlay-opacity":"","overlay-gradient":""}},"ast-content-background-meta":{"desktop":{"background-color":"var(--ast-global-color-4)","background-image":"","background-repeat":"repeat","background-position":"center center","background-size":"auto","background-attachment":"scroll","background-type":"","background-media":"","overlay-type":"","overlay-color":"","overlay-opacity":"","overlay-gradient":""},"tablet":{"background-color":"var(--ast-global-color-4)","background-image":"","background-repeat":"repeat","background-position":"center center","background-size":"auto","background-attachment":"scroll","background-type":"","background-media":"","overlay-type":"","overlay-color":"","overlay-opacity":"","overlay-gradient":""},"mobile":{"background-color":"var(--ast-global-color-4)","background-image":"","background-repeat":"repeat","background-position":"center center","background-size":"auto","background-attachment":"scroll","background-type":"","background-media":"","overlay-type":"","overlay-color":"","overlay-opacity":"","overlay-gradient":""}},"_tribe_events_status":"","_tribe_events_status_reason":"","wds_primary_tribe_events_cat":0,"footnotes":""},"tags":[],"tribe_events_cat":[],"class_list":["post-3661","tribe_events","type-tribe_events","status-publish","has-post-thumbnail","hentry"],"_links":{"self":[{"href":"https:\/\/agroreforest.eu\/hu\/wp-json\/wp\/v2\/tribe_events\/3661","targetHints":{"allow":["GET"]}}],"collection":[{"href":"https:\/\/agroreforest.eu\/hu\/wp-json\/wp\/v2\/tribe_events"}],"about":[{"href":"https:\/\/agroreforest.eu\/hu\/wp-json\/wp\/v2\/types\/tribe_events"}],"author":[{"embeddable":true,"href":"https:\/\/agroreforest.eu\/hu\/wp-json\/wp\/v2\/users\/1"}],"version-history":[{"count":4,"href":"https:\/\/agroreforest.eu\/hu\/wp-json\/wp\/v2\/tribe_events\/3661\/revisions"}],"predecessor-version":[{"id":3691,"href":"https:\/\/agroreforest.eu\/hu\/wp-json\/wp\/v2\/tribe_events\/3661\/revisions\/3691"}],"wp:featuredmedia":[{"embeddable":true,"href":"https:\/\/agroreforest.eu\/hu\/wp-json\/wp\/v2\/media\/3698"}],"wp:attachment":[{"href":"https:\/\/agroreforest.eu\/hu\/wp-json\/wp\/v2\/media?parent=3661"}],"wp:term":[{"taxonomy":"post_tag","embeddable":true,"href":"https:\/\/agroreforest.eu\/hu\/wp-json\/wp\/v2\/tags?post=3661"},{"taxonomy":"tribe_events_cat","embeddable":true,"href":"https:\/\/agroreforest.eu\/hu\/wp-json\/wp\/v2\/tribe_events_cat?post=3661"}],"curies":[{"name":"wp","href":"https:\/\/api.w.org\/{rel}","templated":true}]}}

A ReForest Project társszervezője az "Éghajlatváltozás mérséklése a terepmunkától a politikai döntéshozatalig" című konferenciának: Az élő laboratóriumok szerepe"

<p>Az agrár-élelmiszeripari ágazatban az éghajlatváltozással szembeni ellenálló képességre való áttérés kritikusabb, mint valaha. A mezőgazdaság az éghajlat-változási intézkedések középpontjában áll, <strong>Élő Laborok</strong> dinamikus keretet kínálnak a fenntarthatóságot és a termelékenységet egyaránt támogató, klímatudatos megoldások közös fejlesztéséhez, teszteléséhez és skálázásához.</p>
<p>A kétnapos rendezvényen több mint 50 élő laboratórium, uniós projekt, K+F központok, politikai döntéshozók, mediterrán szövetségek és kulcsfontosságú érdekelt felek találkoznak, hogy elősegítsék az együttműködést, az innovációkat és a fenntartható és az éghajlatváltozással szemben ellenálló mezőgazdaság jövőjét szolgáló szakpolitikák kialakítását.</p>
<p>Csatlakozzon a:</p>
<ul>
<li>Kapacitásépítő műhelyek: a konferencia a Living Labs éghajlatváltozáshoz való alkalmazkodásban betöltött szerepének megerősítésére összpontosít.</li>
<li>A megoldások piactere: az esemény egyedülálló pillanata a piactér, ahol az innovációk bemutatására, a kutatások megosztására, az eszközök bemutatására és a kulcsfontosságú érdekelt felekkel való kapcsolattartásra nyílik lehetőség.</li>
<li>Szakpolitikai párbeszéd: a konferencia figyelemre méltó lehetőség a tudomány, a gyakorlat és a szakpolitika közötti szakadék áthidalására és az éghajlatváltozás elleni fellépés felgyorsítására.</li>
<li>Hálózatépítés és tudáscsere: egyedülálló lehetőség az együttműködésre, közös alkotásra és stratégiai partnerségek kialakítására.</li>
</ul>
<p>Az esemény célja, hogy megerősítse a Living Labs-t, fokozza az együttműködést és ösztönözze az éghajlatváltozással szemben ellenálló mezőgazdaságra gyakorolt hatást. Egyedülálló lehetőséget kínál a ReForest Living Labs számára, hogy kapcsolatba lépjenek, megosszák egymással tapasztalataikat és bővítsék hálózatukat.</p>
<p><a href="https://lu.ma/gmxia3td">Regisztráljon itt</a></p>
<p><a href="https://agroreforest.eu/wp-content/uploads/2025/02/Living-Labs-for-Mitigating-Climate-Change-in-Agriculture-Brochure.pdf">Az esemény brosúrájának letöltése</a></p>
