{"id":1741,"date":"2024-01-10T19:10:22","date_gmt":"2024-01-10T19:10:22","guid":{"rendered":"https:\/\/agroreforest.eu\/?post_type=tribe_events&#038;p=1741"},"modified":"2024-09-11T09:03:52","modified_gmt":"2024-09-11T09:03:52","slug":"7th-european-agroforestry-conference","status":"publish","type":"tribe_events","link":"https:\/\/agroreforest.eu\/fr\/event\/7th-european-agroforestry-conference\/","title":{"rendered":"7\u00e8me conf\u00e9rence europ\u00e9enne sur l'agroforesterie"},"content":{"rendered":"<p>Le projet ReForest a le plaisir d'annoncer sa participation active \u00e0 la Conf\u00e9rence europ\u00e9enne sur l'agroforesterie de 2024, organis\u00e9e par la F\u00e9d\u00e9ration europ\u00e9enne d'agroforesterie. La conf\u00e9rence aura lieu dans la ville de Brno, en R\u00e9publique tch\u00e8que, et portera sur le th\u00e8me \"Agroforesterie - r\u00e9g\u00e9n\u00e9rer les paysages et diversifier la production en Europe\".<\/p>\n<p>L'agriculture europ\u00e9enne est confront\u00e9e \u00e0 des d\u00e9fis sans pr\u00e9c\u00e9dent : changement climatique, d\u00e9clin de la biodiversit\u00e9 et besoin urgent d'am\u00e9liorer la sant\u00e9 humaine. L'agroforesterie, qui implique l'int\u00e9gration des arbres dans la production animale et\/ou v\u00e9g\u00e9tale, se pr\u00e9sente comme une solution \u00e9prouv\u00e9e pour une production alimentaire durable tout en r\u00e9pondant \u00e0 toutes ces questions urgentes. La conf\u00e9rence vise \u00e0 discuter du potentiel de l'agroforesterie dans la cr\u00e9ation de paysages \u00e9conomiquement et \u00e9cologiquement b\u00e9n\u00e9fiques - un aspect central de la mission du projet ReForest.<\/p>\n<p>La R\u00e9publique tch\u00e8que, situ\u00e9e au c\u0153ur de l'Europe, offre un cadre id\u00e9al pour discuter de l'adoption \u00e0 grande \u00e9chelle de l'agroforesterie. Le pays conna\u00eet actuellement un essor des pratiques agroforesti\u00e8res, en particulier dans les zones d'agriculture intensive, ce qui en fait un lieu strat\u00e9gique pour le d\u00e9veloppement progressif de l'agriculture.<\/p>\n<p>Les principaux sujets et th\u00e8mes de la conf\u00e9rence sont les suivants<\/p>\n<ul style=\"font-size: inherit; font-family: inherit\">- L'agroforesterie et l'environnement : Att\u00e9nuation du changement climatique, adaptation au changement climatique, biodiversit\u00e9, planification et gestion des paysages, pr\u00e9vention des incendies de for\u00eat, gestion saine des sols et de l'eau, lutte contre les ravageurs, les maladies et les mauvaises herbes.<\/ul>\n<ul style=\"font-size: inherit; font-family: inherit\">- Production agroforesti\u00e8re : Qualit\u00e9, s\u00e9curit\u00e9 et durabilit\u00e9 : Syst\u00e8mes sylvopastoraux - bien-\u00eatre du b\u00e9tail, gestion des p\u00e2turages et production, croissance et production des arbres - fruits, bois, \u00e9nergie et productions foresti\u00e8res non ligneuses, mat\u00e9riel g\u00e9n\u00e9tique, mod\u00e8les et outils agroforestiers, agrivolta\u00efsme.<\/ul>\n<ul style=\"font-size: inherit; font-family: inherit\">- \u00c9conomie et politique de l'agroforesterie : Mod\u00e8les d'entreprise, politique europ\u00e9enne, certification de l'agriculture et de la neutralit\u00e9 en carbone, mise \u00e0 l'\u00e9chelle des innovations agroforesti\u00e8res.<\/ul>\n<ul style=\"font-size: inherit; font-family: inherit\">- L'agroforesterie dans la soci\u00e9t\u00e9 et la culture : \u00c9ducation, formation, diffusion et promotion, Genre, engagement des jeunes et nouveaux mouvements sociaux, Paysages historiques : identit\u00e9 patrimoniale et moteur du tourisme durable, Agroforesterie urbaine et p\u00e9riurbaine<\/ul>\n<ul style=\"font-size: inherit; font-family: inherit\">- L'agroforesterie en pratique : Exp\u00e9riences et adoption par les agriculteurs, Initiatives et projets europ\u00e9ens, Le\u00e7ons de ce qui ne fonctionne pas en agroforesterie, Les femmes en agroforesterie<\/ul>\n<p>Le projet ReForest se r\u00e9jouit d'apporter des id\u00e9es pr\u00e9cieuses et de partager ses exp\u00e9riences au cours de la conf\u00e9rence, en encourageant la collaboration entre les agriculteurs, les d\u00e9cideurs politiques et les chercheurs afin de favoriser l'int\u00e9gration des pratiques agroforesti\u00e8res dans toute l'Europe.<\/p>\n<p>Pour obtenir des informations d\u00e9taill\u00e9es et des mises \u00e0 jour sur l'\u00e9v\u00e9nement, nous vous invitons \u00e0 consulter le site web de la conf\u00e9rence \u00e0 l'adresse suivante : https:\/\/www.euraf2024.mendelu.cz\/34925-welcome.<\/p>","protected":false},"excerpt":{"rendered":"<p>The ReForest Project is pleased to announce its active participation in the 2024 European Agroforestry Conference, organised by the European Agroforestry Federation. The conference will take place in the city [&hellip;]<\/p>\n","protected":false},"author":1,"featured_media":1746,"template":"","meta":{"site-sidebar-layout":"default","site-content-layout":"","ast-site-content-layout":"default","site-content-style":"default","site-sidebar-style":"default","ast-global-header-display":"","ast-banner-title-visibility":"","ast-main-header-display":"","ast-hfb-above-header-display":"","ast-hfb-below-header-display":"","ast-hfb-mobile-header-display":"","site-post-title":"","ast-breadcrumbs-content":"","ast-featured-img":"","footer-sml-layout":"","ast-disable-related-posts":"","theme-transparent-header-meta":"default","adv-header-id-meta":"","stick-header-meta":"","header-above-stick-meta":"","header-main-stick-meta":"","header-below-stick-meta":"","astra-migrate-meta-layouts":"set","ast-page-background-enabled":"default","ast-page-background-meta":{"desktop":{"background-color":"","background-image":"","background-repeat":"repeat","background-position":"center center","background-size":"auto","background-attachment":"scroll","background-type":"","background-media":"","overlay-type":"","overlay-color":"","overlay-opacity":"","overlay-gradient":""},"tablet":{"background-color":"","background-image":"","background-repeat":"repeat","background-position":"center center","background-size":"auto","background-attachment":"scroll","background-type":"","background-media":"","overlay-type":"","overlay-color":"","overlay-opacity":"","overlay-gradient":""},"mobile":{"background-color":"","background-image":"","background-repeat":"repeat","background-position":"center center","background-size":"auto","background-attachment":"scroll","background-type":"","background-media":"","overlay-type":"","overlay-color":"","overlay-opacity":"","overlay-gradient":""}},"ast-content-background-meta":{"desktop":{"background-color":"var(--ast-global-color-4)","background-image":"","background-repeat":"repeat","background-position":"center center","background-size":"auto","background-attachment":"scroll","background-type":"","background-media":"","overlay-type":"","overlay-color":"","overlay-opacity":"","overlay-gradient":""},"tablet":{"background-color":"var(--ast-global-color-4)","background-image":"","background-repeat":"repeat","background-position":"center center","background-size":"auto","background-attachment":"scroll","background-type":"","background-media":"","overlay-type":"","overlay-color":"","overlay-opacity":"","overlay-gradient":""},"mobile":{"background-color":"var(--ast-global-color-4)","background-image":"","background-repeat":"repeat","background-position":"center center","background-size":"auto","background-attachment":"scroll","background-type":"","background-media":"","overlay-type":"","overlay-color":"","overlay-opacity":"","overlay-gradient":""}},"_tribe_events_status":"","_tribe_events_status_reason":"","wds_primary_tribe_events_cat":0,"footnotes":""},"tags":[],"tribe_events_cat":[],"class_list":["post-1741","tribe_events","type-tribe_events","status-publish","has-post-thumbnail","hentry"],"_links":{"self":[{"href":"https:\/\/agroreforest.eu\/fr\/wp-json\/wp\/v2\/tribe_events\/1741","targetHints":{"allow":["GET"]}}],"collection":[{"href":"https:\/\/agroreforest.eu\/fr\/wp-json\/wp\/v2\/tribe_events"}],"about":[{"href":"https:\/\/agroreforest.eu\/fr\/wp-json\/wp\/v2\/types\/tribe_events"}],"author":[{"embeddable":true,"href":"https:\/\/agroreforest.eu\/fr\/wp-json\/wp\/v2\/users\/1"}],"version-history":[{"count":8,"href":"https:\/\/agroreforest.eu\/fr\/wp-json\/wp\/v2\/tribe_events\/1741\/revisions"}],"predecessor-version":[{"id":3240,"href":"https:\/\/agroreforest.eu\/fr\/wp-json\/wp\/v2\/tribe_events\/1741\/revisions\/3240"}],"wp:featuredmedia":[{"embeddable":true,"href":"https:\/\/agroreforest.eu\/fr\/wp-json\/wp\/v2\/media\/1746"}],"wp:attachment":[{"href":"https:\/\/agroreforest.eu\/fr\/wp-json\/wp\/v2\/media?parent=1741"}],"wp:term":[{"taxonomy":"post_tag","embeddable":true,"href":"https:\/\/agroreforest.eu\/fr\/wp-json\/wp\/v2\/tags?post=1741"},{"taxonomy":"tribe_events_cat","embeddable":true,"href":"https:\/\/agroreforest.eu\/fr\/wp-json\/wp\/v2\/tribe_events_cat?post=1741"}],"curies":[{"name":"wp","href":"https:\/\/api.w.org\/{rel}","templated":true}]}}

7ème conférence européenne sur l'agroforesterie

<p>Le projet ReForest a le plaisir d'annoncer sa participation active à la Conférence européenne sur l'agroforesterie de 2024, organisée par la Fédération européenne d'agroforesterie. La conférence aura lieu dans la ville de Brno, en République tchèque, et portera sur le thème "Agroforesterie - régénérer les paysages et diversifier la production en Europe".</p>
<p>L'agriculture européenne est confrontée à des défis sans précédent : changement climatique, déclin de la biodiversité et besoin urgent d'améliorer la santé humaine. L'agroforesterie, qui implique l'intégration des arbres dans la production animale et/ou végétale, se présente comme une solution éprouvée pour une production alimentaire durable tout en répondant à toutes ces questions urgentes. La conférence vise à discuter du potentiel de l'agroforesterie dans la création de paysages économiquement et écologiquement bénéfiques - un aspect central de la mission du projet ReForest.</p>
<p>La République tchèque, située au cœur de l'Europe, offre un cadre idéal pour discuter de l'adoption à grande échelle de l'agroforesterie. Le pays connaît actuellement un essor des pratiques agroforestières, en particulier dans les zones d'agriculture intensive, ce qui en fait un lieu stratégique pour le développement progressif de l'agriculture.</p>
<p>Les principaux sujets et thèmes de la conférence sont les suivants</p>
<ul style="font-size: inherit; font-family: inherit">- L'agroforesterie et l'environnement : Atténuation du changement climatique, adaptation au changement climatique, biodiversité, planification et gestion des paysages, prévention des incendies de forêt, gestion saine des sols et de l'eau, lutte contre les ravageurs, les maladies et les mauvaises herbes.</ul>
<ul style="font-size: inherit; font-family: inherit">- Production agroforestière : Qualité, sécurité et durabilité : Systèmes sylvopastoraux - bien-être du bétail, gestion des pâturages et production, croissance et production des arbres - fruits, bois, énergie et productions forestières non ligneuses, matériel génétique, modèles et outils agroforestiers, agrivoltaïsme.</ul>
<ul style="font-size: inherit; font-family: inherit">- Économie et politique de l'agroforesterie : Modèles d'entreprise, politique européenne, certification de l'agriculture et de la neutralité en carbone, mise à l'échelle des innovations agroforestières.</ul>
<ul style="font-size: inherit; font-family: inherit">- L'agroforesterie dans la société et la culture : Éducation, formation, diffusion et promotion, Genre, engagement des jeunes et nouveaux mouvements sociaux, Paysages historiques : identité patrimoniale et moteur du tourisme durable, Agroforesterie urbaine et périurbaine</ul>
<ul style="font-size: inherit; font-family: inherit">- L'agroforesterie en pratique : Expériences et adoption par les agriculteurs, Initiatives et projets européens, Leçons de ce qui ne fonctionne pas en agroforesterie, Les femmes en agroforesterie</ul>
<p>Le projet ReForest se réjouit d'apporter des idées précieuses et de partager ses expériences au cours de la conférence, en encourageant la collaboration entre les agriculteurs, les décideurs politiques et les chercheurs afin de favoriser l'intégration des pratiques agroforestières dans toute l'Europe.</p>
<p>Pour obtenir des informations détaillées et des mises à jour sur l'événement, nous vous invitons à consulter le site web de la conférence à l'adresse suivante : https://www.euraf2024.mendelu.cz/34925-welcome.</p>
