{"id":3756,"date":"2025-03-21T09:18:04","date_gmt":"2025-03-21T09:18:04","guid":{"rendered":"https:\/\/agroreforest.eu\/?post_type=tribe_events&#038;p=3756"},"modified":"2025-03-21T09:18:04","modified_gmt":"2025-03-21T09:18:04","slug":"reforest-at-ifall-2025-living-labs-paving-the-way-to-resilient-agroecosystems","status":"publish","type":"tribe_events","link":"https:\/\/agroreforest.eu\/es\/event\/reforest-at-ifall-2025-living-labs-paving-the-way-to-resilient-agroecosystems\/","title":{"rendered":"ReForest en IFALL 2025: Laboratorios vivientes que allanan el camino hacia agroecosistemas resilientes"},"content":{"rendered":"<p>El Proyecto ReForest se complace en anunciar su participaci\u00f3n en el pr\u00f3ximo Foro Internacional sobre Laboratorios Vivos de Agroecosistemas (IFALL) 2025.<\/p>\n<p>Este evento de alto nivel pretende reunir a partes interesadas, investigadores y profesionales de la agrosilvicultura de todo el mundo para debatir sobre las transiciones en el uso de la tierra y promover pr\u00e1cticas sostenibles que apoyen la resiliencia medioambiental y socioecon\u00f3mica.<\/p>\n<p>El evento contar\u00e1 con paneles de debate y sesiones paralelas de ponencias cient\u00edficas para establecer las pr\u00e1cticas m\u00e1s avanzadas, compartir las lecciones aprendidas a partir de estudios de casos y abordar los retos a los que se enfrenta la comunidad internacional de laboratorios vivientes de agroecosistemas. El Foro tambi\u00e9n incluir\u00e1 actos para establecer contactos y visitas sobre el terreno con el fin de generar di\u00e1logo y crear un espacio inspirador para la colaboraci\u00f3n y la acci\u00f3n.<\/p>\n<p>El foro se estructurar\u00e1 en torno a varias \u00e1reas tem\u00e1ticas:<\/p>\n<ul>\n<li><strong>fomentar las transiciones<\/strong>hacia sistemas alimentarios sostenibles mediante laboratorios vivientes<\/li>\n<li><strong>potenciar la participaci\u00f3n<\/strong> reforzando la gobernanza participativa en los laboratorios vivientes<\/li>\n<li><strong>evaluar el \u00e9xito<\/strong> a trav\u00e9s de indicadores naturales y sociales<\/li>\n<li><strong>promover la innovaci\u00f3n<\/strong><\/li>\n<li>inspirador <strong>pol\u00edticas p\u00fablicas innovadoras<\/strong><\/li>\n<li>habilitar <strong>investigaci\u00f3n participativa<\/strong>y rigurosa, y muy adecuada para apoyar procesos din\u00e1micos de innovaci\u00f3n en entornos reales.<\/li>\n<\/ul>\n<p>Estos temas est\u00e1n estrechamente alineados con la misi\u00f3n de ReForest de co-crear soluciones que promuevan la agroforester\u00eda y fomenten el compromiso de las partes interesadas en toda Europa. Estaremos encantados de compartir nuestros conocimientos y experiencias reales de nuestros Living Labs, colaborar con socios internacionales y seguir trabajando por un futuro agroecol\u00f3gico resiliente.<\/p>","protected":false},"excerpt":{"rendered":"<p>The ReForest Project is pleased to announce its participation in the upcoming International Forum on Agroecosystem Living Labs (IFALL) 2025. This high-level event aims to gather agroforestry stakeholders, researchers, and [&hellip;]<\/p>\n","protected":false},"author":1,"featured_media":3757,"template":"","meta":{"site-sidebar-layout":"default","site-content-layout":"","ast-site-content-layout":"default","site-content-style":"default","site-sidebar-style":"default","ast-global-header-display":"","ast-banner-title-visibility":"","ast-main-header-display":"","ast-hfb-above-header-display":"","ast-hfb-below-header-display":"","ast-hfb-mobile-header-display":"","site-post-title":"","ast-breadcrumbs-content":"","ast-featured-img":"","footer-sml-layout":"","ast-disable-related-posts":"","theme-transparent-header-meta":"default","adv-header-id-meta":"","stick-header-meta":"","header-above-stick-meta":"","header-main-stick-meta":"","header-below-stick-meta":"","astra-migrate-meta-layouts":"set","ast-page-background-enabled":"default","ast-page-background-meta":{"desktop":{"background-color":"","background-image":"","background-repeat":"repeat","background-position":"center center","background-size":"auto","background-attachment":"scroll","background-type":"","background-media":"","overlay-type":"","overlay-color":"","overlay-opacity":"","overlay-gradient":""},"tablet":{"background-color":"","background-image":"","background-repeat":"repeat","background-position":"center center","background-size":"auto","background-attachment":"scroll","background-type":"","background-media":"","overlay-type":"","overlay-color":"","overlay-opacity":"","overlay-gradient":""},"mobile":{"background-color":"","background-image":"","background-repeat":"repeat","background-position":"center center","background-size":"auto","background-attachment":"scroll","background-type":"","background-media":"","overlay-type":"","overlay-color":"","overlay-opacity":"","overlay-gradient":""}},"ast-content-background-meta":{"desktop":{"background-color":"var(--ast-global-color-4)","background-image":"","background-repeat":"repeat","background-position":"center center","background-size":"auto","background-attachment":"scroll","background-type":"","background-media":"","overlay-type":"","overlay-color":"","overlay-opacity":"","overlay-gradient":""},"tablet":{"background-color":"var(--ast-global-color-4)","background-image":"","background-repeat":"repeat","background-position":"center center","background-size":"auto","background-attachment":"scroll","background-type":"","background-media":"","overlay-type":"","overlay-color":"","overlay-opacity":"","overlay-gradient":""},"mobile":{"background-color":"var(--ast-global-color-4)","background-image":"","background-repeat":"repeat","background-position":"center center","background-size":"auto","background-attachment":"scroll","background-type":"","background-media":"","overlay-type":"","overlay-color":"","overlay-opacity":"","overlay-gradient":""}},"_tribe_events_status":"","_tribe_events_status_reason":"","wds_primary_tribe_events_cat":0,"footnotes":""},"tags":[],"tribe_events_cat":[],"class_list":["post-3756","tribe_events","type-tribe_events","status-publish","has-post-thumbnail","hentry"],"_links":{"self":[{"href":"https:\/\/agroreforest.eu\/es\/wp-json\/wp\/v2\/tribe_events\/3756","targetHints":{"allow":["GET"]}}],"collection":[{"href":"https:\/\/agroreforest.eu\/es\/wp-json\/wp\/v2\/tribe_events"}],"about":[{"href":"https:\/\/agroreforest.eu\/es\/wp-json\/wp\/v2\/types\/tribe_events"}],"author":[{"embeddable":true,"href":"https:\/\/agroreforest.eu\/es\/wp-json\/wp\/v2\/users\/1"}],"version-history":[{"count":1,"href":"https:\/\/agroreforest.eu\/es\/wp-json\/wp\/v2\/tribe_events\/3756\/revisions"}],"predecessor-version":[{"id":3759,"href":"https:\/\/agroreforest.eu\/es\/wp-json\/wp\/v2\/tribe_events\/3756\/revisions\/3759"}],"wp:featuredmedia":[{"embeddable":true,"href":"https:\/\/agroreforest.eu\/es\/wp-json\/wp\/v2\/media\/3757"}],"wp:attachment":[{"href":"https:\/\/agroreforest.eu\/es\/wp-json\/wp\/v2\/media?parent=3756"}],"wp:term":[{"taxonomy":"post_tag","embeddable":true,"href":"https:\/\/agroreforest.eu\/es\/wp-json\/wp\/v2\/tags?post=3756"},{"taxonomy":"tribe_events_cat","embeddable":true,"href":"https:\/\/agroreforest.eu\/es\/wp-json\/wp\/v2\/tribe_events_cat?post=3756"}],"curies":[{"name":"wp","href":"https:\/\/api.w.org\/{rel}","templated":true}]}}

<p>El Proyecto ReForest se complace en anunciar su participación en el próximo Foro Internacional sobre Laboratorios Vivos de Agroecosistemas (IFALL) 2025.</p>
<p>Este evento de alto nivel pretende reunir a partes interesadas, investigadores y profesionales de la agrosilvicultura de todo el mundo para debatir sobre las transiciones en el uso de la tierra y promover prácticas sostenibles que apoyen la resiliencia medioambiental y socioeconómica.</p>
<p>El evento contará con paneles de debate y sesiones paralelas de ponencias científicas para establecer las prácticas más avanzadas, compartir las lecciones aprendidas a partir de estudios de casos y abordar los retos a los que se enfrenta la comunidad internacional de laboratorios vivientes de agroecosistemas. El Foro también incluirá actos para establecer contactos y visitas sobre el terreno con el fin de generar diálogo y crear un espacio inspirador para la colaboración y la acción.</p>
<p>El foro se estructurará en torno a varias áreas temáticas:</p>
<ul>
<li><strong>fomentar las transiciones</strong>hacia sistemas alimentarios sostenibles mediante laboratorios vivientes</li>
<li><strong>potenciar la participación</strong> reforzando la gobernanza participativa en los laboratorios vivientes</li>
<li><strong>evaluar el éxito</strong> a través de indicadores naturales y sociales</li>
<li><strong>promover la innovación</strong></li>
<li>inspirador <strong>políticas públicas innovadoras</strong></li>
<li>habilitar <strong>investigación participativa</strong>y rigurosa, y muy adecuada para apoyar procesos dinámicos de innovación en entornos reales.</li>
</ul>
<p>Estos temas están estrechamente alineados con la misión de ReForest de co-crear soluciones que promuevan la agroforestería y fomenten el compromiso de las partes interesadas en toda Europa. Estaremos encantados de compartir nuestros conocimientos y experiencias reales de nuestros Living Labs, colaborar con socios internacionales y seguir trabajando por un futuro agroecológico resiliente.</p>
