{"id":3317,"date":"2024-10-07T17:22:11","date_gmt":"2024-10-07T17:22:11","guid":{"rendered":"https:\/\/agroreforest.eu\/?post_type=tribe_events&#038;p=3317"},"modified":"2024-10-07T17:24:32","modified_gmt":"2024-10-07T17:24:32","slug":"maia-policy-roundtable-workshop-the-role-of-regions-in-sustainable-food-systems-transformation","status":"publish","type":"tribe_events","link":"https:\/\/agroreforest.eu\/cs\/event\/maia-policy-roundtable-workshop-the-role-of-regions-in-sustainable-food-systems-transformation\/","title":{"rendered":"Kulat\u00fd st\u016fl a semin\u00e1\u0159 MAIA Policy: \u00daloha region\u016f v transformaci udr\u017eiteln\u00fdch potravinov\u00fdch syst\u00e9m\u016f"},"content":{"rendered":"<p>V r\u00e1mci 22. ro\u010dn\u00edku Evropsk\u00e9ho t\u00fddne region\u016f a m\u011bst se kon\u00e1 <a href=\"https:\/\/maia-project.eu\/\"><strong>Projekt MAIA<\/strong><\/a> po\u0159\u00e1d\u00e1 <strong>Kulat\u00fd st\u016fl a semin\u00e1\u0159 o politice<\/strong> na adrese <strong>8. \u0159\u00edjna 2024<\/strong>se zam\u011b\u0159en\u00edm na kl\u00ed\u010dovou \u00falohu celosv\u011btov\u00e9ho potravin\u00e1\u0159sk\u00e9ho odv\u011btv\u00ed p\u0159i \u0159e\u0161en\u00ed emis\u00ed sklen\u00edkov\u00fdch plyn\u016f. Tato hybridn\u00ed akce upozorn\u00ed na pokrok region\u016f v prosazov\u00e1n\u00ed krat\u0161\u00edch dodavatelsk\u00fdch \u0159et\u011bzc\u016f a udr\u017eiteln\u00fdch potravinov\u00fdch syst\u00e9m\u016f v r\u00e1mci \u0161ir\u0161\u00edho \u00fasil\u00ed o boj proti zm\u011bn\u011b klimatu.<\/p>\n<p>Zat\u00edmco EU dos\u00e1hla v\u00fdznamn\u00e9ho pokroku ve sni\u017eov\u00e1n\u00ed emis\u00ed v r\u016fzn\u00fdch odv\u011btv\u00edch, potravin\u00e1\u0159sk\u00fd sektor zaost\u00e1v\u00e1. Je nezbytn\u00e9 zav\u00e9st \u00fa\u010dinn\u00e9 politiky, kter\u00e9 tento rozd\u00edl vy\u0159e\u0161\u00ed, podpo\u0159\u00ed potravinovou bezpe\u010dnost a sn\u00ed\u017e\u00ed \u0161kodliv\u00e9 emise. Tato akce se bude zab\u00fdvat t\u011bmito v\u00fdzvami a p\u0159edstav\u00ed osv\u011bd\u010den\u00e9 postupy z region\u016f, kter\u00e9 jsou l\u00eddry v oblasti udr\u017eiteln\u00e9 transformace potravin.<\/p>\n<p><strong>Hlavn\u00ed c\u00edle semin\u00e1\u0159e<\/strong>:<\/p>\n<ul>\n<li>Porozum\u011bt dopad\u016fm <strong>udr\u017eiteln\u00e1 transformace zem\u011bd\u011blstv\u00ed a potravin\u00e1\u0159stv\u00ed<\/strong> na klima a biologickou rozmanitost.<\/li>\n<li>Prozkoumejte str\u00e1nky <strong>Politiky a iniciativy EU<\/strong>, jako je nap\u0159. <strong>Spole\u010dn\u00e1 zem\u011bd\u011blsk\u00e1 politika (SZP)<\/strong> a <strong>Strategie EU Farm-to-Fork<\/strong>.<\/li>\n<li>Usnadn\u011bn\u00ed <strong>v\u00fdm\u011bna znalost\u00ed a osv\u011bd\u010den\u00fdch postup\u016f<\/strong> pro udr\u017eiteln\u00e9 potravinov\u00e9 syst\u00e9my.<\/li>\n<li>Oslovte <strong>environment\u00e1ln\u00ed a soci\u00e1ln\u00ed dopady<\/strong> podpory udr\u017eiteln\u00fdch potravinov\u00fdch syst\u00e9m\u016f.<\/li>\n<li>Rozv\u00edjet <strong>realizovateln\u00e1 doporu\u010den\u00ed<\/strong> na podporu udr\u017eiteln\u00fdch potravinov\u00fdch syst\u00e9m\u016f na region\u00e1ln\u00ed a n\u00e1rodn\u00ed \u00farovni a na \u00farovni EU.<\/li>\n<li>Foster <strong>spolupr\u00e1ce mezi z\u00fa\u010dastn\u011bn\u00fdmi stranami<\/strong> pro siln\u011bj\u0161\u00ed m\u00edstn\u00ed a region\u00e1ln\u00ed politiky.<\/li>\n<li>Uk\u00e1zka <strong>N\u00e1stroje a slu\u017eby MAIA<\/strong> kter\u00e9 podporuj\u00ed p\u0159echod na udr\u017eiteln\u00e9 potravinov\u00e9 syst\u00e9my.<\/li>\n<\/ul>\n<p>Na t\u00e9to akci se sejdou <strong>region\u00e1ln\u00ed z\u00e1stupci, odborn\u00edci a z\u00fa\u010dastn\u011bn\u00e9 strany<\/strong> a pod\u011blit se o sv\u00e9 post\u0159ehy k t\u011bmto z\u00e1sadn\u00edm t\u00e9mat\u016fm. Po kulat\u00e9m stole bude n\u00e1sledovat <strong>participativn\u00ed workshop<\/strong> kde budou m\u00edt ob\u010dan\u00e9 p\u0159\u00edle\u017eitost navrhnout \u0159e\u0161en\u00ed na podporu <strong>m\u00edstn\u00ed produkty<\/strong> a postupuj\u00edc\u00ed <strong>\u00fazemn\u011b p\u0159izp\u016fsoben\u00e9 politiky<\/strong>.<\/p>\n<p>P\u0159ihlaste se na akci <a href=\"https:\/\/maia-project.eu\/knowledge-base\/maia-project-policy-roundtable-and-workshop-sustainable-food-systems-regional-perspective\/\">ZDE<\/a><\/p>","protected":false},"excerpt":{"rendered":"<p>As part of the 22nd European Week of Regions and Cities, the MAIA Project is organizing a Policy Roundtable and Workshop on October 8, 2024, focusing on the critical role [&hellip;]<\/p>\n","protected":false},"author":1,"featured_media":3318,"template":"","meta":{"site-sidebar-layout":"default","site-content-layout":"","ast-site-content-layout":"default","site-content-style":"default","site-sidebar-style":"default","ast-global-header-display":"","ast-banner-title-visibility":"","ast-main-header-display":"","ast-hfb-above-header-display":"","ast-hfb-below-header-display":"","ast-hfb-mobile-header-display":"","site-post-title":"","ast-breadcrumbs-content":"","ast-featured-img":"","footer-sml-layout":"","ast-disable-related-posts":"","theme-transparent-header-meta":"default","adv-header-id-meta":"","stick-header-meta":"","header-above-stick-meta":"","header-main-stick-meta":"","header-below-stick-meta":"","astra-migrate-meta-layouts":"set","ast-page-background-enabled":"default","ast-page-background-meta":{"desktop":{"background-color":"","background-image":"","background-repeat":"repeat","background-position":"center center","background-size":"auto","background-attachment":"scroll","background-type":"","background-media":"","overlay-type":"","overlay-color":"","overlay-opacity":"","overlay-gradient":""},"tablet":{"background-color":"","background-image":"","background-repeat":"repeat","background-position":"center center","background-size":"auto","background-attachment":"scroll","background-type":"","background-media":"","overlay-type":"","overlay-color":"","overlay-opacity":"","overlay-gradient":""},"mobile":{"background-color":"","background-image":"","background-repeat":"repeat","background-position":"center center","background-size":"auto","background-attachment":"scroll","background-type":"","background-media":"","overlay-type":"","overlay-color":"","overlay-opacity":"","overlay-gradient":""}},"ast-content-background-meta":{"desktop":{"background-color":"var(--ast-global-color-4)","background-image":"","background-repeat":"repeat","background-position":"center center","background-size":"auto","background-attachment":"scroll","background-type":"","background-media":"","overlay-type":"","overlay-color":"","overlay-opacity":"","overlay-gradient":""},"tablet":{"background-color":"var(--ast-global-color-4)","background-image":"","background-repeat":"repeat","background-position":"center center","background-size":"auto","background-attachment":"scroll","background-type":"","background-media":"","overlay-type":"","overlay-color":"","overlay-opacity":"","overlay-gradient":""},"mobile":{"background-color":"var(--ast-global-color-4)","background-image":"","background-repeat":"repeat","background-position":"center center","background-size":"auto","background-attachment":"scroll","background-type":"","background-media":"","overlay-type":"","overlay-color":"","overlay-opacity":"","overlay-gradient":""}},"_tribe_events_status":"","_tribe_events_status_reason":"","wds_primary_tribe_events_cat":0,"footnotes":""},"tags":[],"tribe_events_cat":[],"class_list":["post-3317","tribe_events","type-tribe_events","status-publish","has-post-thumbnail","hentry"],"_links":{"self":[{"href":"https:\/\/agroreforest.eu\/cs\/wp-json\/wp\/v2\/tribe_events\/3317","targetHints":{"allow":["GET"]}}],"collection":[{"href":"https:\/\/agroreforest.eu\/cs\/wp-json\/wp\/v2\/tribe_events"}],"about":[{"href":"https:\/\/agroreforest.eu\/cs\/wp-json\/wp\/v2\/types\/tribe_events"}],"author":[{"embeddable":true,"href":"https:\/\/agroreforest.eu\/cs\/wp-json\/wp\/v2\/users\/1"}],"version-history":[{"count":1,"href":"https:\/\/agroreforest.eu\/cs\/wp-json\/wp\/v2\/tribe_events\/3317\/revisions"}],"predecessor-version":[{"id":3320,"href":"https:\/\/agroreforest.eu\/cs\/wp-json\/wp\/v2\/tribe_events\/3317\/revisions\/3320"}],"wp:featuredmedia":[{"embeddable":true,"href":"https:\/\/agroreforest.eu\/cs\/wp-json\/wp\/v2\/media\/3318"}],"wp:attachment":[{"href":"https:\/\/agroreforest.eu\/cs\/wp-json\/wp\/v2\/media?parent=3317"}],"wp:term":[{"taxonomy":"post_tag","embeddable":true,"href":"https:\/\/agroreforest.eu\/cs\/wp-json\/wp\/v2\/tags?post=3317"},{"taxonomy":"tribe_events_cat","embeddable":true,"href":"https:\/\/agroreforest.eu\/cs\/wp-json\/wp\/v2\/tribe_events_cat?post=3317"}],"curies":[{"name":"wp","href":"https:\/\/api.w.org\/{rel}","templated":true}]}}

Kulatý stůl a seminář MAIA Policy: Úloha regionů v transformaci udržitelných potravinových systémů

<p>V rámci 22. ročníku Evropského týdne regionů a měst se koná <a href="https://maia-project.eu/"><strong>Projekt MAIA</strong></a> pořádá <strong>Kulatý stůl a seminář o politice</strong> na adrese <strong>8. října 2024</strong>se zaměřením na klíčovou úlohu celosvětového potravinářského odvětví při řešení emisí skleníkových plynů. Tato hybridní akce upozorní na pokrok regionů v prosazování kratších dodavatelských řetězců a udržitelných potravinových systémů v rámci širšího úsilí o boj proti změně klimatu.</p>
<p>Zatímco EU dosáhla významného pokroku ve snižování emisí v různých odvětvích, potravinářský sektor zaostává. Je nezbytné zavést účinné politiky, které tento rozdíl vyřeší, podpoří potravinovou bezpečnost a sníží škodlivé emise. Tato akce se bude zabývat těmito výzvami a představí osvědčené postupy z regionů, které jsou lídry v oblasti udržitelné transformace potravin.</p>
<p><strong>Hlavní cíle semináře</strong>:</p>
<ul>
<li>Porozumět dopadům <strong>udržitelná transformace zemědělství a potravinářství</strong> na klima a biologickou rozmanitost.</li>
<li>Prozkoumejte stránky <strong>Politiky a iniciativy EU</strong>, jako je např. <strong>Společná zemědělská politika (SZP)</strong> a <strong>Strategie EU Farm-to-Fork</strong>.</li>
<li>Usnadnění <strong>výměna znalostí a osvědčených postupů</strong> pro udržitelné potravinové systémy.</li>
<li>Oslovte <strong>environmentální a sociální dopady</strong> podpory udržitelných potravinových systémů.</li>
<li>Rozvíjet <strong>realizovatelná doporučení</strong> na podporu udržitelných potravinových systémů na regionální a národní úrovni a na úrovni EU.</li>
<li>Foster <strong>spolupráce mezi zúčastněnými stranami</strong> pro silnější místní a regionální politiky.</li>
<li>Ukázka <strong>Nástroje a služby MAIA</strong> které podporují přechod na udržitelné potravinové systémy.</li>
</ul>
<p>Na této akci se sejdou <strong>regionální zástupci, odborníci a zúčastněné strany</strong> a podělit se o své postřehy k těmto zásadním tématům. Po kulatém stole bude následovat <strong>participativní workshop</strong> kde budou mít občané příležitost navrhnout řešení na podporu <strong>místní produkty</strong> a postupující <strong>územně přizpůsobené politiky</strong>.</p>
<p>Přihlaste se na akci <a href="https://maia-project.eu/knowledge-base/maia-project-policy-roundtable-and-workshop-sustainable-food-systems-regional-perspective/">ZDE</a></p>
